{"version":"1.0","type":"rich","provider_name":"Direction r\u00e9gionale interd\u00e9partementale de l&#8217;\u00e9conomie, de l&#8217;emploi, du travail et des solidarit\u00e9s (DREETS)","provider_url":"https:\/\/idf.drieets.gouv.fr","title":"Les vacances adapt\u00e9es organis\u00e9es (VAO)","author_name":"adminIDF","width":"480","height":"295","url":"https:\/\/idf.drieets.gouv.fr\/Les-vacances-adaptees-organisees-VAO","html":"\u003Ch4 class='title'\u003E\u003Ca href='https:\/\/idf.drieets.gouv.fr\/Les-vacances-adaptees-organisees-VAO'\u003ELes vacances adapt\u00e9es organis\u00e9es (VAO)\u003C\/a\u003E\u003C\/h4\u003E\u003Cblockquote class='spip'\u003E\n\u003Cp\u003ELes vacances adapt\u00e9es organis\u00e9es (VAO) permettent aux personnes en situation de handicap majeures de b\u00e9n\u00e9ficier de s\u00e9jours de vacances dans des conditions garantissant leur s\u00e9curit\u00e9, leur bien-\u00eatre et un accompagnement adapt\u00e9 \u00e0 leurs besoins. \n\u003Cbr class='autobr' \/\u003E\n Un dispositif destin\u00e9 aux personnes handicap\u00e9es majeures \n\u003Cbr class='autobr' \/\u003E\nLes s\u00e9jours de vacances adapt\u00e9es organis\u00e9es sont encadr\u00e9s par les articles L 412-2 et R. 412-8 \u00e0 R. 412-17du code du tourisme. L\u2019agr\u00e9ment VAO est obligatoire pour toute personne physique ou&nbsp;(\u2026)\u003C\/p\u003E\n\u003C\/blockquote\u003E\n"}

Direction régionale interdépartementale de l&#8217;économie, de l&#8217;emploi, du travail et des solidarités (DREETS)

Les vacances adaptées organisées (VAO)

<h4 class='title'><a href='https://idf.drieets.gouv.fr/Les-vacances-adaptees-organisees-VAO'>Les vacances adaptées organisées (VAO)</a></h4><blockquote class='spip'>
<p>Les vacances adaptées organisées (VAO) permettent aux personnes en situation de handicap majeures de bénéficier de séjours de vacances dans des conditions garantissant leur sécurité, leur bien-être et un accompagnement adapté à leurs besoins. 
<br class='autobr' />
 Un dispositif destiné aux personnes handicapées majeures 
<br class='autobr' />
Les séjours de vacances adaptées organisées sont encadrés par les articles L 412-2 et R. 412-8 à R. 412-17du code du tourisme. L’agrément VAO est obligatoire pour toute personne physique ou&nbsp;(…)</p>
</blockquote>
