{"version":"1.0","type":"rich","provider_name":"Direction r\u00e9gionale interd\u00e9partementale de l&#8217;\u00e9conomie, de l&#8217;emploi, du travail et des solidarit\u00e9s (DREETS)","provider_url":"https:\/\/idf.drieets.gouv.fr","title":"Appel \u00e0 projets&nbsp;: Int\u00e9gration des \u00e9trangers primo-arrivants (92)","author_name":"adminIDF","width":"480","height":"295","url":"https:\/\/idf.drieets.gouv.fr\/Appel-a-projets-Integration-des-etrangers-primo-arrivants-92-19268","html":"\u003Ch4 class='title'\u003E\u003Ca href='https:\/\/idf.drieets.gouv.fr\/Appel-a-projets-Integration-des-etrangers-primo-arrivants-92-19268'\u003EAppel \u00e0 projets&nbsp;: Int\u00e9gration des \u00e9trangers primo-arrivants (92)\u003C\/a\u003E\u003C\/h4\u003E\u003Cblockquote class='spip'\u003E\u003Cp\u003EAcc\u00e8s \u00e0 l\u2019emploi, apprentissage de la langue, appropriation des valeurs de la R\u00e9publique et acc\u00e8s aux droits\u003C\/p\u003E\u003C\/blockquote\u003E\n"}

Direction régionale interdépartementale de l&#8217;économie, de l&#8217;emploi, du travail et des solidarités (DREETS)

Appel à projets&nbsp;: Intégration des étrangers primo-arrivants (92)

<h4 class='title'><a href='https://idf.drieets.gouv.fr/Appel-a-projets-Integration-des-etrangers-primo-arrivants-92-19268'>Appel à projets&nbsp;: Intégration des étrangers primo-arrivants (92)</a></h4><blockquote class='spip'><p>Accès à l’emploi, apprentissage de la langue, appropriation des valeurs de la République et accès aux droits</p></blockquote>
